{"id":312,"date":"2024-11-27T13:56:21","date_gmt":"2024-11-27T13:56:21","guid":{"rendered":"https:\/\/euro-eko.mielec.pl\/new\/?page_id=312"},"modified":"2025-11-20T09:58:04","modified_gmt":"2025-11-20T09:58:04","slug":"zloz-zamowienie","status":"publish","type":"page","link":"https:\/\/euro-eko.mielec.pl\/new\/zloz-zamowienie\/","title":{"rendered":"Z\u0142\u00f3\u017c zam\u00f3wienie"},"content":{"rendered":"\t\t<div data-elementor-type=\"wp-page\" data-elementor-id=\"312\" class=\"elementor elementor-312\" data-elementor-post-type=\"page\">\n\t\t\t\t<div class=\"elementor-element elementor-element-74847f3 e-flex e-con-boxed e-con e-parent\" data-id=\"74847f3\" data-element_type=\"container\" data-e-type=\"container\" data-settings=\"{&quot;background_background&quot;:&quot;classic&quot;}\">\n\t\t\t\t\t<div class=\"e-con-inner\">\n\t\t\t\t<div class=\"elementor-element elementor-element-45c6a02 animated-fast elementor-invisible elementor-widget elementor-widget-heading\" data-id=\"45c6a02\" data-element_type=\"widget\" data-e-type=\"widget\" data-settings=\"{&quot;_animation&quot;:&quot;fadeInUp&quot;,&quot;_animation_delay&quot;:150}\" data-widget_type=\"heading.default\">\n\t\t\t\t<div class=\"elementor-widget-container\">\n\t\t\t\t\t<h2 class=\"elementor-heading-title elementor-size-default\">EURO-EKO SP. Z O.O.<\/h2>\t\t\t\t<\/div>\n\t\t\t\t<\/div>\n\t\t\t\t<div class=\"elementor-element elementor-element-b668750 header_2 animated-fast elementor-invisible elementor-widget elementor-widget-heading\" data-id=\"b668750\" data-element_type=\"widget\" data-e-type=\"widget\" data-settings=\"{&quot;_animation&quot;:&quot;fadeInUp&quot;}\" data-widget_type=\"heading.default\">\n\t\t\t\t<div class=\"elementor-widget-container\">\n\t\t\t\t\t<h1 class=\"elementor-heading-title elementor-size-default\">Zam\u00f3wienie przyj\u0119cia odpad\u00f3w\n<\/h1>\t\t\t\t<\/div>\n\t\t\t\t<\/div>\n\t\t\t\t<div class=\"elementor-element elementor-element-8755c8e animated-fast elementor-widget-divider--view-line elementor-invisible elementor-widget elementor-widget-divider\" data-id=\"8755c8e\" data-element_type=\"widget\" data-e-type=\"widget\" data-settings=\"{&quot;_animation&quot;:&quot;fadeInUp&quot;}\" data-widget_type=\"divider.default\">\n\t\t\t\t<div class=\"elementor-widget-container\">\n\t\t\t\t\t\t\t<div class=\"elementor-divider\">\n\t\t\t<span class=\"elementor-divider-separator\">\n\t\t\t\t\t\t<\/span>\n\t\t<\/div>\n\t\t\t\t\t\t<\/div>\n\t\t\t\t<\/div>\n\t\t\t\t\t<\/div>\n\t\t\t\t<\/div>\n\t\t<div class=\"elementor-element elementor-element-4e141cf e-flex e-con-boxed e-con e-parent\" data-id=\"4e141cf\" data-element_type=\"container\" data-e-type=\"container\" data-settings=\"{&quot;background_background&quot;:&quot;classic&quot;}\">\n\t\t\t\t\t<div class=\"e-con-inner\">\n\t\t\t\t<div class=\"elementor-element elementor-element-77c2707 elementor-button-align-stretch elementor-widget elementor-widget-form\" data-id=\"77c2707\" data-element_type=\"widget\" data-e-type=\"widget\" data-settings=\"{&quot;step_next_label&quot;:&quot;Nast\\u0119pny&quot;,&quot;step_previous_label&quot;:&quot;Poprzedni&quot;,&quot;button_width&quot;:&quot;100&quot;,&quot;step_type&quot;:&quot;number_text&quot;,&quot;step_icon_shape&quot;:&quot;circle&quot;}\" data-widget_type=\"form.default\">\n\t\t\t\t<div class=\"elementor-widget-container\">\n\t\t\t\t\t\t\t<form class=\"elementor-form\" method=\"post\" name=\"Zam\u00f3wienie przyj\u0119cia odpad\u00f3w\" aria-label=\"Zam\u00f3wienie przyj\u0119cia odpad\u00f3w\">\n\t\t\t<input type=\"hidden\" name=\"post_id\" value=\"312\"\/>\n\t\t\t<input type=\"hidden\" name=\"form_id\" value=\"77c2707\"\/>\n\t\t\t<input type=\"hidden\" name=\"referer_title\" value=\"Z\u0142\u00f3\u017c zam\u00f3wienie\" \/>\n\n\t\t\t\t\t\t\t<input type=\"hidden\" name=\"queried_id\" value=\"312\"\/>\n\t\t\t\n\t\t\t<div class=\"elementor-form-fields-wrapper elementor-labels-above\">\n\t\t\t\t\t\t\t\t<div class=\"elementor-field-type-text elementor-field-group elementor-column elementor-field-group-name elementor-col-50 elementor-field-required elementor-mark-required\">\n\t\t\t\t\t\t\t\t\t\t\t\t<label for=\"form-field-name\" class=\"elementor-field-label\">\n\t\t\t\t\t\t\t\tDOSTAWCA ODPAD\u00d3W, NR BDO\t\t\t\t\t\t\t<\/label>\n\t\t\t\t\t\t\t\t\t\t\t\t\t\t<input size=\"1\" type=\"text\" name=\"form_fields[name]\" id=\"form-field-name\" class=\"elementor-field elementor-size-sm  elementor-field-textual\" placeholder=\"DOSTAWCA ODPAD\u00d3W, NR BDO\" required=\"required\">\n\t\t\t\t\t\t\t\t\t\t\t<\/div>\n\t\t\t\t\t\t\t\t<div class=\"elementor-field-type-select elementor-field-group elementor-column elementor-field-group-field_908265c elementor-col-50 elementor-field-required elementor-mark-required\">\n\t\t\t\t\t\t\t\t\t\t\t\t<label for=\"form-field-field_908265c\" class=\"elementor-field-label\">\n\t\t\t\t\t\t\t\tODBIORCA ODPAD\u00d3W, NR BDO, MPD\t\t\t\t\t\t\t<\/label>\n\t\t\t\t\t\t\t\t<div class=\"elementor-field elementor-select-wrapper remove-before \">\n\t\t\t<div class=\"select-caret-down-wrapper\">\n\t\t\t\t<svg aria-hidden=\"true\" class=\"e-font-icon-svg e-eicon-caret-down\" viewBox=\"0 0 571.4 571.4\" xmlns=\"http:\/\/www.w3.org\/2000\/svg\"><path d=\"M571 393Q571 407 561 418L311 668Q300 679 286 679T261 668L11 418Q0 407 0 393T11 368 36 357H536Q550 357 561 368T571 393Z\"><\/path><\/svg>\t\t\t<\/div>\n\t\t\t<select name=\"form_fields[field_908265c]\" id=\"form-field-field_908265c\" class=\"elementor-field-textual elementor-size-sm\" required=\"required\">\n\t\t\t\t\t\t\t\t\t<option value=\"EURO-EKO Sp. z o. o. ul. Wojska Polskiego 3, 39-300 Mielec ZPPA Mielec BDO 0000001402\">EURO-EKO Sp. z o. o. ul. Wojska Polskiego 3, 39-300 Mielec ZPPA Mielec BDO 0000001402<\/option>\n\t\t\t\t\t\t\t\t\t<option value=\"EURO-EKO Sp. z o. o. Kozodrza 225, 39-103 Ostr\u00f3w ZPPA Kozodrza BDO 0000001402\">EURO-EKO Sp. z o. o. Kozodrza 225, 39-103 Ostr\u00f3w ZPPA Kozodrza BDO 0000001402<\/option>\n\t\t\t\t\t\t\t\t\t<option value=\"EURO-EKO Sp. z o. o. ul. Fabryczna 6, 22-100 Che\u0142m ZPPA Che\u0142m BDO 0000001402\">EURO-EKO Sp. z o. o. ul. Fabryczna 6, 22-100 Che\u0142m ZPPA Che\u0142m BDO 0000001402<\/option>\n\t\t\t\t\t\t\t<\/select>\n\t\t<\/div>\n\t\t\t\t\t\t<\/div>\n\t\t\t\t\t\t\t\t<div class=\"elementor-field-type-text elementor-field-group elementor-column elementor-field-group-field_0e1a079 elementor-col-33 elementor-field-required elementor-mark-required\">\n\t\t\t\t\t\t\t\t\t\t\t\t<label for=\"form-field-field_0e1a079\" class=\"elementor-field-label\">\n\t\t\t\t\t\t\t\tFIRMA ZAMAWIAJ\u0104CA\t\t\t\t\t\t\t<\/label>\n\t\t\t\t\t\t\t\t\t\t\t\t\t\t<input size=\"1\" type=\"text\" name=\"form_fields[field_0e1a079]\" id=\"form-field-field_0e1a079\" class=\"elementor-field elementor-size-sm  elementor-field-textual\" placeholder=\"FIRMA ZAMAWIAJ\u0104CA\" required=\"required\">\n\t\t\t\t\t\t\t\t\t\t\t<\/div>\n\t\t\t\t\t\t\t\t<div class=\"elementor-field-type-text elementor-field-group elementor-column elementor-field-group-field_670fc10 elementor-col-33 elementor-field-required elementor-mark-required\">\n\t\t\t\t\t\t\t\t\t\t\t\t<label for=\"form-field-field_670fc10\" class=\"elementor-field-label\">\n\t\t\t\t\t\t\t\tOSOBA ZAMAWIAJ\u0104CA\t\t\t\t\t\t\t<\/label>\n\t\t\t\t\t\t\t\t\t\t\t\t\t\t<input size=\"1\" type=\"text\" name=\"form_fields[field_670fc10]\" id=\"form-field-field_670fc10\" class=\"elementor-field elementor-size-sm  elementor-field-textual\" placeholder=\"OSOBA ZAMAWIAJ\u0104CA\" required=\"required\">\n\t\t\t\t\t\t\t\t\t\t\t<\/div>\n\t\t\t\t\t\t\t\t<div class=\"elementor-field-type-email elementor-field-group elementor-column elementor-field-group-field_2d34b89 elementor-col-33 elementor-field-required elementor-mark-required\">\n\t\t\t\t\t\t\t\t\t\t\t\t<label for=\"form-field-field_2d34b89\" class=\"elementor-field-label\">\n\t\t\t\t\t\t\t\tE-MAIL\t\t\t\t\t\t\t<\/label>\n\t\t\t\t\t\t\t\t\t\t\t\t\t\t<input size=\"1\" type=\"email\" name=\"form_fields[field_2d34b89]\" id=\"form-field-field_2d34b89\" class=\"elementor-field elementor-size-sm  elementor-field-textual\" placeholder=\"E-MAIL\" required=\"required\">\n\t\t\t\t\t\t\t\t\t\t\t<\/div>\n\t\t\t\t\t\t\t\t<div class=\"elementor-field-type-tel elementor-field-group elementor-column elementor-field-group-email elementor-col-30\">\n\t\t\t\t\t\t\t\t\t\t\t\t<label for=\"form-field-email\" class=\"elementor-field-label\">\n\t\t\t\t\t\t\t\tNUMER TELEFONU\t\t\t\t\t\t\t<\/label>\n\t\t\t\t\t\t\t\t<input size=\"1\" type=\"tel\" name=\"form_fields[email]\" id=\"form-field-email\" class=\"elementor-field elementor-size-sm  elementor-field-textual\" placeholder=\"NUMER TELEFONU\" pattern=\"[0-9()#&amp;+*-=.]+\" title=\"Akceptowane s\u0105 jedynie cyfry i znaki telefoniczne (#,-,*).\">\n\n\t\t\t\t\t\t<\/div>\n\t\t\t\t\t\t\t\t<div class=\"elementor-field-type-text elementor-field-group elementor-column elementor-field-group-field_3c1d2d9 elementor-col-30 elementor-field-required elementor-mark-required\">\n\t\t\t\t\t\t\t\t\t\t\t\t<label for=\"form-field-field_3c1d2d9\" class=\"elementor-field-label\">\n\t\t\t\t\t\t\t\tNR REJ SAMOCHODU\t\t\t\t\t\t\t<\/label>\n\t\t\t\t\t\t\t\t\t\t\t\t\t\t<input size=\"1\" type=\"text\" name=\"form_fields[field_3c1d2d9]\" id=\"form-field-field_3c1d2d9\" class=\"elementor-field elementor-size-sm  elementor-field-textual\" placeholder=\"NR REJ SAMOCHODU\" required=\"required\">\n\t\t\t\t\t\t\t\t\t\t\t<\/div>\n\t\t\t\t\t\t\t\t<div class=\"elementor-field-type-date elementor-field-group elementor-column elementor-field-group-field_eaa4356 elementor-col-20\">\n\t\t\t\t\t\t\t\t\t\t\t\t<label for=\"form-field-field_eaa4356\" class=\"elementor-field-label\">\n\t\t\t\t\t\t\t\tDATA PRZYWOZU\t\t\t\t\t\t\t<\/label>\n\t\t\t\t\t\t\n\t\t<input type=\"date\" name=\"form_fields[field_eaa4356]\" id=\"form-field-field_eaa4356\" class=\"elementor-field elementor-size-sm  elementor-field-textual elementor-date-field elementor-use-native\" pattern=\"[0-9]{4}-[0-9]{2}-[0-9]{2}\">\n\t\t\t\t\t\t<\/div>\n\t\t\t\t\t\t\t\t<div class=\"elementor-field-type-time elementor-field-group elementor-column elementor-field-group-field_7cb7d75 elementor-col-20\">\n\t\t\t\t\t\t\t\t\t\t\t\t<label for=\"form-field-field_7cb7d75\" class=\"elementor-field-label\">\n\t\t\t\t\t\t\t\tGODZINA PRZYWOZU\t\t\t\t\t\t\t<\/label>\n\t\t\t\t\t\t\t\t<input type=\"time\" name=\"form_fields[field_7cb7d75]\" id=\"form-field-field_7cb7d75\" class=\"elementor-field elementor-size-sm  elementor-field-textual elementor-time-field elementor-use-native\" placeholder=\"GODZINA PRZYWOZU\">\n\t\t\t\t\t\t<\/div>\n\t\t\t\t\t\t\t\t<div class=\"elementor-field-type-html elementor-field-group elementor-column elementor-field-group-field_18d48b1 elementor-col-100\">\n\t\t\t\t\tLista odpad\u00f3w\t\t\t\t<\/div>\n\t\t\t\t\t\t\t\t<div class=\"elementor-field-type-text elementor-field-group elementor-column elementor-field-group-field_55b2266 elementor-col-20\">\n\t\t\t\t\t\t\t\t\t\t\t\t<label for=\"form-field-field_55b2266\" class=\"elementor-field-label\">\n\t\t\t\t\t\t\t\tKOD \t\t\t\t\t\t\t<\/label>\n\t\t\t\t\t\t\t\t\t\t\t\t\t\t<input size=\"1\" type=\"text\" name=\"form_fields[field_55b2266]\" id=\"form-field-field_55b2266\" class=\"elementor-field elementor-size-sm  elementor-field-textual\" placeholder=\"KOD \">\n\t\t\t\t\t\t\t\t\t\t\t<\/div>\n\t\t\t\t\t\t\t\t<div class=\"elementor-field-type-text elementor-field-group elementor-column elementor-field-group-field_d732533 elementor-col-20\">\n\t\t\t\t\t\t\t\t\t\t\t\t<label for=\"form-field-field_d732533\" class=\"elementor-field-label\">\n\t\t\t\t\t\t\t\tNAZWA ODPADU\t\t\t\t\t\t\t<\/label>\n\t\t\t\t\t\t\t\t\t\t\t\t\t\t<input size=\"1\" type=\"text\" name=\"form_fields[field_d732533]\" id=\"form-field-field_d732533\" class=\"elementor-field elementor-size-sm  elementor-field-textual\" placeholder=\"NAZWA ODPADU\">\n\t\t\t\t\t\t\t\t\t\t\t<\/div>\n\t\t\t\t\t\t\t\t<div class=\"elementor-field-type-text elementor-field-group elementor-column elementor-field-group-field_e939217 elementor-col-40\">\n\t\t\t\t\t\t\t\t\t\t\t\t<label for=\"form-field-field_e939217\" class=\"elementor-field-label\">\n\t\t\t\t\t\t\t\tOPIS ODPADU\t\t\t\t\t\t\t<\/label>\n\t\t\t\t\t\t\t\t\t\t\t\t\t\t<input size=\"1\" type=\"text\" name=\"form_fields[field_e939217]\" id=\"form-field-field_e939217\" class=\"elementor-field elementor-size-sm  elementor-field-textual\" placeholder=\"OPIS ODPADU\">\n\t\t\t\t\t\t\t\t\t\t\t<\/div>\n\t\t\t\t\t\t\t\t<div class=\"elementor-field-type-text elementor-field-group elementor-column elementor-field-group-field_839f260 elementor-col-20\">\n\t\t\t\t\t\t\t\t\t\t\t\t<label for=\"form-field-field_839f260\" class=\"elementor-field-label\">\n\t\t\t\t\t\t\t\tWAGA MG\t\t\t\t\t\t\t<\/label>\n\t\t\t\t\t\t\t\t\t\t\t\t\t\t<input size=\"1\" type=\"text\" name=\"form_fields[field_839f260]\" id=\"form-field-field_839f260\" class=\"elementor-field elementor-size-sm  elementor-field-textual\" placeholder=\"WAGA MG\">\n\t\t\t\t\t\t\t\t\t\t\t<\/div>\n\t\t\t\t\t\t\t\t<div class=\"elementor-field-type-text elementor-field-group elementor-column elementor-field-group-field_f3fb323 elementor-col-20\">\n\t\t\t\t\t\t\t\t\t\t\t\t<label for=\"form-field-field_f3fb323\" class=\"elementor-field-label\">\n\t\t\t\t\t\t\t\tKOD \t\t\t\t\t\t\t<\/label>\n\t\t\t\t\t\t\t\t\t\t\t\t\t\t<input size=\"1\" type=\"text\" name=\"form_fields[field_f3fb323]\" id=\"form-field-field_f3fb323\" class=\"elementor-field elementor-size-sm  elementor-field-textual\" placeholder=\"KOD \">\n\t\t\t\t\t\t\t\t\t\t\t<\/div>\n\t\t\t\t\t\t\t\t<div class=\"elementor-field-type-text elementor-field-group elementor-column elementor-field-group-field_b209f5b elementor-col-20\">\n\t\t\t\t\t\t\t\t\t\t\t\t<label for=\"form-field-field_b209f5b\" class=\"elementor-field-label\">\n\t\t\t\t\t\t\t\tNAZWA ODPADU\t\t\t\t\t\t\t<\/label>\n\t\t\t\t\t\t\t\t\t\t\t\t\t\t<input size=\"1\" type=\"text\" name=\"form_fields[field_b209f5b]\" id=\"form-field-field_b209f5b\" class=\"elementor-field elementor-size-sm  elementor-field-textual\" placeholder=\"NAZWA ODPADU\">\n\t\t\t\t\t\t\t\t\t\t\t<\/div>\n\t\t\t\t\t\t\t\t<div class=\"elementor-field-type-text elementor-field-group elementor-column elementor-field-group-field_b9ab87f elementor-col-40\">\n\t\t\t\t\t\t\t\t\t\t\t\t<label for=\"form-field-field_b9ab87f\" class=\"elementor-field-label\">\n\t\t\t\t\t\t\t\tOPIS ODPADU\t\t\t\t\t\t\t<\/label>\n\t\t\t\t\t\t\t\t\t\t\t\t\t\t<input size=\"1\" type=\"text\" name=\"form_fields[field_b9ab87f]\" id=\"form-field-field_b9ab87f\" class=\"elementor-field elementor-size-sm  elementor-field-textual\" placeholder=\"OPIS ODPADU\">\n\t\t\t\t\t\t\t\t\t\t\t<\/div>\n\t\t\t\t\t\t\t\t<div class=\"elementor-field-type-text elementor-field-group elementor-column elementor-field-group-field_99f193d elementor-col-20\">\n\t\t\t\t\t\t\t\t\t\t\t\t<label for=\"form-field-field_99f193d\" class=\"elementor-field-label\">\n\t\t\t\t\t\t\t\tWAGA MG\t\t\t\t\t\t\t<\/label>\n\t\t\t\t\t\t\t\t\t\t\t\t\t\t<input size=\"1\" type=\"text\" name=\"form_fields[field_99f193d]\" id=\"form-field-field_99f193d\" class=\"elementor-field elementor-size-sm  elementor-field-textual\" placeholder=\"WAGA MG\">\n\t\t\t\t\t\t\t\t\t\t\t<\/div>\n\t\t\t\t\t\t\t\t<div class=\"elementor-field-type-text elementor-field-group elementor-column elementor-field-group-field_9f36a40 elementor-col-20\">\n\t\t\t\t\t\t\t\t\t\t\t\t<label for=\"form-field-field_9f36a40\" class=\"elementor-field-label\">\n\t\t\t\t\t\t\t\tKOD \t\t\t\t\t\t\t<\/label>\n\t\t\t\t\t\t\t\t\t\t\t\t\t\t<input size=\"1\" type=\"text\" name=\"form_fields[field_9f36a40]\" id=\"form-field-field_9f36a40\" class=\"elementor-field elementor-size-sm  elementor-field-textual\" placeholder=\"KOD \">\n\t\t\t\t\t\t\t\t\t\t\t<\/div>\n\t\t\t\t\t\t\t\t<div class=\"elementor-field-type-text elementor-field-group elementor-column elementor-field-group-field_bcef6eb elementor-col-20\">\n\t\t\t\t\t\t\t\t\t\t\t\t<label for=\"form-field-field_bcef6eb\" class=\"elementor-field-label\">\n\t\t\t\t\t\t\t\tNAZWA ODPADU\t\t\t\t\t\t\t<\/label>\n\t\t\t\t\t\t\t\t\t\t\t\t\t\t<input size=\"1\" type=\"text\" name=\"form_fields[field_bcef6eb]\" id=\"form-field-field_bcef6eb\" class=\"elementor-field elementor-size-sm  elementor-field-textual\" placeholder=\"NAZWA ODPADU\">\n\t\t\t\t\t\t\t\t\t\t\t<\/div>\n\t\t\t\t\t\t\t\t<div class=\"elementor-field-type-text elementor-field-group elementor-column elementor-field-group-field_b6c4a8a elementor-col-40\">\n\t\t\t\t\t\t\t\t\t\t\t\t<label for=\"form-field-field_b6c4a8a\" class=\"elementor-field-label\">\n\t\t\t\t\t\t\t\tOPIS ODPADU\t\t\t\t\t\t\t<\/label>\n\t\t\t\t\t\t\t\t\t\t\t\t\t\t<input size=\"1\" type=\"text\" name=\"form_fields[field_b6c4a8a]\" id=\"form-field-field_b6c4a8a\" class=\"elementor-field elementor-size-sm  elementor-field-textual\" placeholder=\"OPIS ODPADU\">\n\t\t\t\t\t\t\t\t\t\t\t<\/div>\n\t\t\t\t\t\t\t\t<div class=\"elementor-field-type-text elementor-field-group elementor-column elementor-field-group-field_59c29ea elementor-col-20\">\n\t\t\t\t\t\t\t\t\t\t\t\t<label for=\"form-field-field_59c29ea\" class=\"elementor-field-label\">\n\t\t\t\t\t\t\t\tWAGA MG\t\t\t\t\t\t\t<\/label>\n\t\t\t\t\t\t\t\t\t\t\t\t\t\t<input size=\"1\" type=\"text\" name=\"form_fields[field_59c29ea]\" id=\"form-field-field_59c29ea\" class=\"elementor-field elementor-size-sm  elementor-field-textual\" placeholder=\"WAGA MG\">\n\t\t\t\t\t\t\t\t\t\t\t<\/div>\n\t\t\t\t\t\t\t\t<div class=\"elementor-field-type-text elementor-field-group elementor-column elementor-field-group-field_708d3e3 elementor-col-20\">\n\t\t\t\t\t\t\t\t\t\t\t\t<label for=\"form-field-field_708d3e3\" class=\"elementor-field-label\">\n\t\t\t\t\t\t\t\tKOD \t\t\t\t\t\t\t<\/label>\n\t\t\t\t\t\t\t\t\t\t\t\t\t\t<input size=\"1\" type=\"text\" name=\"form_fields[field_708d3e3]\" id=\"form-field-field_708d3e3\" class=\"elementor-field elementor-size-sm  elementor-field-textual\" placeholder=\"KOD \">\n\t\t\t\t\t\t\t\t\t\t\t<\/div>\n\t\t\t\t\t\t\t\t<div class=\"elementor-field-type-text elementor-field-group elementor-column elementor-field-group-field_f5942ec elementor-col-20\">\n\t\t\t\t\t\t\t\t\t\t\t\t<label for=\"form-field-field_f5942ec\" class=\"elementor-field-label\">\n\t\t\t\t\t\t\t\tNAZWA ODPADU\t\t\t\t\t\t\t<\/label>\n\t\t\t\t\t\t\t\t\t\t\t\t\t\t<input size=\"1\" type=\"text\" name=\"form_fields[field_f5942ec]\" id=\"form-field-field_f5942ec\" class=\"elementor-field elementor-size-sm  elementor-field-textual\" placeholder=\"NAZWA ODPADU\">\n\t\t\t\t\t\t\t\t\t\t\t<\/div>\n\t\t\t\t\t\t\t\t<div class=\"elementor-field-type-text elementor-field-group elementor-column elementor-field-group-field_84c3b8a elementor-col-40\">\n\t\t\t\t\t\t\t\t\t\t\t\t<label for=\"form-field-field_84c3b8a\" class=\"elementor-field-label\">\n\t\t\t\t\t\t\t\tOPIS ODPADU\t\t\t\t\t\t\t<\/label>\n\t\t\t\t\t\t\t\t\t\t\t\t\t\t<input size=\"1\" type=\"text\" name=\"form_fields[field_84c3b8a]\" id=\"form-field-field_84c3b8a\" class=\"elementor-field elementor-size-sm  elementor-field-textual\" placeholder=\"OPIS ODPADU\">\n\t\t\t\t\t\t\t\t\t\t\t<\/div>\n\t\t\t\t\t\t\t\t<div class=\"elementor-field-type-text elementor-field-group elementor-column elementor-field-group-field_24e2f25 elementor-col-20\">\n\t\t\t\t\t\t\t\t\t\t\t\t<label for=\"form-field-field_24e2f25\" class=\"elementor-field-label\">\n\t\t\t\t\t\t\t\tWAGA MG\t\t\t\t\t\t\t<\/label>\n\t\t\t\t\t\t\t\t\t\t\t\t\t\t<input size=\"1\" type=\"text\" name=\"form_fields[field_24e2f25]\" id=\"form-field-field_24e2f25\" class=\"elementor-field elementor-size-sm  elementor-field-textual\" placeholder=\"WAGA MG\">\n\t\t\t\t\t\t\t\t\t\t\t<\/div>\n\t\t\t\t\t\t\t\t<div class=\"elementor-field-type-upload elementor-field-group elementor-column elementor-field-group-field_75b702a elementor-col-100\">\n\t\t\t\t\t\t\t\t\t\t\t\t<label for=\"form-field-field_75b702a\" class=\"elementor-field-label\">\n\t\t\t\t\t\t\t\tPlik\t\t\t\t\t\t\t<\/label>\n\t\t\t\t\t\t\t\t<input type=\"file\" name=\"form_fields[field_75b702a][]\" id=\"form-field-field_75b702a\" class=\"elementor-field elementor-size-sm  elementor-upload-field\" multiple=\"multiple\" data-maxsize=\"20\" data-maxsize-message=\"Rozmiar pliku przekracza dozwolony rozmiar.\">\n\n\t\t\t\t\t\t<\/div>\n\t\t\t\t\t\t\t\t<div class=\"elementor-field-type-acceptance elementor-field-group elementor-column elementor-field-group-field_a87183e elementor-col-100 elementor-field-required elementor-mark-required\">\n\t\t\t\t\t\t\t\t\t\t\t\t<label for=\"form-field-field_a87183e\" class=\"elementor-field-label\">\n\t\t\t\t\t\t\t\tZgoda\t\t\t\t\t\t\t<\/label>\n\t\t\t\t\t\t\t\t<div class=\"elementor-field-subgroup\">\n\t\t\t<span class=\"elementor-field-option\">\n\t\t\t\t<input type=\"checkbox\" name=\"form_fields[field_a87183e]\" id=\"form-field-field_a87183e\" class=\"elementor-field elementor-size-sm  elementor-acceptance-field\" required=\"required\">\n\t\t\t\t<label for=\"form-field-field_a87183e\">WYRA\u017bAM ZGOD\u0118 na przetwarzanie moich danych osobowych podanych w niniejszym formularzu w celu uzyskania odpowiedzi na z\u0142o\u017cone zapytanie. Moja zgoda na przetwarzanie danych osobowych jest dobrowolna, lecz niezb\u0119dna do uzyskania odpowiedzi.<\/label>\t\t\t<\/span>\n\t\t<\/div>\n\t\t\t\t\t\t<\/div>\n\t\t\t\t\t\t\t\t<div class=\"elementor-field-type-recaptcha_v3 elementor-field-group elementor-column elementor-field-group-field_ed70e09 elementor-col-100 recaptcha_v3-bottomright\">\n\t\t\t\t\t<div class=\"elementor-field\" id=\"form-field-field_ed70e09\"><div class=\"elementor-g-recaptcha\" data-sitekey=\"6Leyl_kqAAAAAIS3vyPbv-6g3bF1Q-CvNRyrqDTj\" data-type=\"v3\" data-action=\"Form\" data-badge=\"bottomright\" data-size=\"invisible\"><\/div><\/div>\t\t\t\t<\/div>\n\t\t\t\t\t\t\t\t<div class=\"elementor-field-group elementor-column elementor-field-type-submit elementor-col-100 e-form__buttons\">\n\t\t\t\t\t<button class=\"elementor-button elementor-size-sm\" type=\"submit\">\n\t\t\t\t\t\t<span class=\"elementor-button-content-wrapper\">\n\t\t\t\t\t\t\t\t\t\t\t\t\t\t\t\t\t\t\t\t\t\t<span class=\"elementor-button-text\">Wy\u015blij<\/span>\n\t\t\t\t\t\t\t\t\t\t\t\t\t<\/span>\n\t\t\t\t\t<\/button>\n\t\t\t\t<\/div>\n\t\t\t<\/div>\n\t\t<\/form>\n\t\t\t\t\t\t<\/div>\n\t\t\t\t<\/div>\n\t\t\t\t\t<\/div>\n\t\t\t\t<\/div>\n\t\t\t\t<\/div>\n\t\t","protected":false},"excerpt":{"rendered":"<p>EURO-EKO SP. Z O.O. Zam\u00f3wienie przyj\u0119cia odpad\u00f3w<\/p>\n","protected":false},"author":1,"featured_media":0,"parent":0,"menu_order":0,"comment_status":"closed","ping_status":"closed","template":"","meta":{"footnotes":""},"class_list":["post-312","page","type-page","status-publish","hentry"],"_links":{"self":[{"href":"https:\/\/euro-eko.mielec.pl\/new\/wp-json\/wp\/v2\/pages\/312","targetHints":{"allow":["GET"]}}],"collection":[{"href":"https:\/\/euro-eko.mielec.pl\/new\/wp-json\/wp\/v2\/pages"}],"about":[{"href":"https:\/\/euro-eko.mielec.pl\/new\/wp-json\/wp\/v2\/types\/page"}],"author":[{"embeddable":true,"href":"https:\/\/euro-eko.mielec.pl\/new\/wp-json\/wp\/v2\/users\/1"}],"replies":[{"embeddable":true,"href":"https:\/\/euro-eko.mielec.pl\/new\/wp-json\/wp\/v2\/comments?post=312"}],"version-history":[{"count":34,"href":"https:\/\/euro-eko.mielec.pl\/new\/wp-json\/wp\/v2\/pages\/312\/revisions"}],"predecessor-version":[{"id":3393,"href":"https:\/\/euro-eko.mielec.pl\/new\/wp-json\/wp\/v2\/pages\/312\/revisions\/3393"}],"wp:attachment":[{"href":"https:\/\/euro-eko.mielec.pl\/new\/wp-json\/wp\/v2\/media?parent=312"}],"curies":[{"name":"wp","href":"https:\/\/api.w.org\/{rel}","templated":true}]}}